or of 5 and q.
5
Let y = 1668 + -1569. Calculate the highest common factor of y and 1023.
33
Let u(q) = 3*q - 59. Let a be u(27). What is the greatest common factor of a and 22?
22
Suppose 7*x - 1959 - 106 = 0. Calculate the highest common factor of x and 5.
5
Let r be 56/3 - 4/6. Let h be ((-37)/4)/(29/(-232)). Suppose -2*l - h = -4*w, -4*w - 3*l = 2*l - 67. What is the highest common factor of w and r?
18
Suppose -2*f - 3*l + 663 - 206 = 0, 4*f + l = 899. Suppose -2*j = 31 - 63. What is the highest common factor of j and f?
16
Suppose 0 = -5*q + h + 4275, 3*h - 5 - 10 = 0. Calculate the highest common divisor of 8 and q.
8
Suppose q = k + 132, -2*q + 165 = 5*k + 853. Let d be (-6*7/28)/(6/k). What is the greatest common divisor of 17 and d?
17
Let f(j) = 4*j - 1. Let m be f(3). Let t be (3/9)/(10/2310). What is the highest common divisor of m and t?
11
Suppose 4*m + j = -25, 2*m - 10 = 2*j + 2*j. Let c = m + 10. Suppose -c*b + 105 = 5*a, a - 52 = -5*b + 41. What is the highest common factor of 54 and b?
18
Suppose 3*b - 4*i = 8*b - 248, -4*i - 168 = -3*b. Let k = -6 + b. Suppose 19 + 50 = y. What is the highest common divisor of y and k?
23
Let h be (-3 + -1)*(-35 - -34). Let o be (-4 - -35) + (0 - -2). Suppose -b = 4*d - 40, 3*d + o = -3*b + h*b. Calculate the highest common divisor of 24 and b.
12
Suppose 0 = -5*l, 0*l - 5 = -c + 3*l. Suppose 0 = -2*v - c*y + 112, 2*v + 202 = 6*v - y. Calculate the greatest common factor of 153 and v.
51
Let p(a) = 2*a + 28. Suppose -2*d + 20 = -4*r + 2*r, -54 = 5*r - 3*d. Let f be p(r). Calculate the greatest common divisor of 28 and f.
4
Let z be 1*(3/18 - (-214)/12). Calculate the highest common factor of 27 and z.
9
Let b be 1 - (-1)/(3/123*1). Let w be (-3)/(-1 - (-40)/b). What is the highest common divisor of 9 and w?
9
Let d(u) = 3*u - 14 - 4 + 12 - 6. Let s be d(6). Suppose w - 25 = -3*b + s*w, -5*b = 5*w - 55. Calculate the greatest common divisor of 20 and b.
10
Let m = 16 + -12. Suppose -14 = 2*k - m*k. Let s = k - 2. Calculate the highest common divisor of 15 and s.
5
Let i be 12186/270 - 2/15. Let q = i - 21. What is the greatest common factor of q and 6?
6
Let v be (310/20 - 12)/((-2)/(-4)). What is the greatest common factor of v and 35?
7
Suppose -2 = 4*s + 6. Let y be (-6)/8*(-34)/3*2. Let r = s + y. What is the highest common divisor of r and 60?
15
Let i = 77 + -142. Let r be (-56)/(-5) + 13/i. Calculate the highest common factor of r and 11.
11
Let r = -23977 - -23986. Let h(a) = -33*a - 3. Let j be h(-2). Calculate the greatest common factor of j and r.
9
Let b = 8 - 8. Let z(v) = -v**2 - v - 2008. Let c be z(b). Let y be c/(-48) - 3/(-18). Calculate the greatest common factor of y and 14.
14
Suppose 2*q - 129 = -0*r + 5*r, q = 2*r + 64. Suppose 0*v + 10 = 2*v. Suppose b = -5*z + q, v*b = 4 - 19. Calculate the highest common factor of 13 and z.
13
Let v = 1227 + -1167. What is the highest common factor of v and 1500?
60
Suppose -3*k = -2*q - 244, 5*k = 2*k - 5*q + 272. Calculate the highest common divisor of k and 492.
12
Suppose -15 = 4*b - 35. Suppose -2*x + 54 = -b*r - 69, -r + 129 = 2*x. Calculate the highest common divisor of x and 8.
8
Suppose -5*m + 0*m = -65. Let t be 117*1*(48 - 47). What is the highest common factor of m and t?
13
Let w(l) = -l**3 - 13*l**2 - 15*l - 16. Let k be w(-12). Calculate the highest common factor of k and 40.
20
Suppose 4*j - 11 = 5. Let l be -1 - j/(-1) - -45. Let w = 10 - 4. What is the greatest common factor of l and w?
6
Suppose -48 = -2*w + 5*j, -3 - 9 = 3*j. Let k = 1009 + -592. Suppose 2*c = 3*i + 211, -2*i = -4*c + 3*i + k. What is the greatest common factor of c and w?
14
Suppose 3*c = 4*c - 3*l - 148, 2*l + 458 = 3*c. Calculate the highest common factor of c and 176.
22
Suppose 8*j = 468 + 444. Calculate the highest common divisor of 152 and j.
38
Let d(u) = -u**3 - 7*u**2 - 6*u + 6. Let y be d(-7). Let q = y + -34. Let i = q - -5. Calculate the highest common divisor of 38 and i.
19
Let c = -25 - -179. Calculate the greatest common factor of c and 28.
14
Let i be -168*(5 - (-66)/(-12)). Suppose u = 7*u - i. Calculate the highest common factor of u and 14.
14
Let y be (29 + 2)*-9*28/(-21). Calculate the greatest common factor of 279 and y.
93
Let s = -43 - -89. What is the highest common divisor of 368 and s?
46
Suppose -3*p + 744 = w, -2*p + 4*w + 491 = 9. Let m be (15/6 + -2)*(p + -7). Calculate the highest common factor of m and 80.
40
Let q = 594 - 572. What is the greatest common divisor of q and 792?
22
Suppose 0 = -v - 7*v + 320. Let l be 3/24 + 17155/v. What is the highest common divisor of l and 39?
39
Let k be ((-8)/(-5))/((-4)/(-90)). Suppose -12 - 15 = -a + n, 0 = 3*a + 2*n - 66. Suppose -c = -3*c + a. Calculate the highest common factor of k and c.
12
Let x be ((-2)/1)/((-23)/920). What is the greatest common divisor of x and 128?
16
Let z(w) = 300*w + 100. Let f be z(2). Calculate the highest common factor of 200 and f.
100
Let l be 12/((-336)/(-98))*68/1. What is the highest common divisor of 68 and l?
34
Suppose 5*j + 25 = 0, -3*r - 25 - 15 = 2*j. Let f be (-50)/(-4) - (-5)/r. Let c = 16 + -12. What is the highest common factor of c and f?
4
Suppose -3*n + 404 = -2*i - 564, 0 = 2*i - 4. Calculate the highest common divisor of 54 and n.
54
Let q(d) = 3*d**2 - 4*d - 1. Suppose 0 = o - 7*o + 12. Let h be q(o). Calculate the greatest common divisor of 9 and h.
3
Suppose r = -2*r + 312. Let c be (-1)/(r/36 - 3). Let q be 6/c + 328/3. What is the greatest common divisor of 10 and q?
10
Let a(b) = -b**3 + 7*b**2 + b + 16. Let l be a(7). Let v(o) = -9*o + 1. Let g be v(8). Let m = 163 + g. What is the greatest common divisor of m and l?
23
Let m(i) be the second derivative of i**3/6 + 7*i**2 + 9*i. Let f be m(0). Calculate the highest common divisor of f and 14.
14
Let x(h) = 111*h**2 + 4. Let w be x(2). Calculate the highest common factor of 28 and w.
28
Let f(h) = -h**2 + 13*h - 4. Let w be f(9). Let k = 56 + w. Suppose -2*g - 56 = -9*g. Calculate the highest common factor of g and k.
8
Let z = 12 - 9. Suppose -z*t - 8 = -56. Let k = t + 2. What is the highest common divisor of k and 45?
9
Let r = -3022 - -3028. Calculate the greatest common divisor of r and 189.
3
Suppose -v + 44 = 4*h, -2*v + 3*h - 4*h = -95. What is the greatest common divisor of v and 18?
6
Let q(p) = -p**2 + 2*p + 2. Let i be q(5). Let a = 5 - i. Let v = -62 - -107. What is the greatest common divisor of v and a?
9
Suppose 0 = -r - 3*r + 3*d + 189, 4*d - 275 = -5*r. What is the highest common divisor of r and 153?
51
Let g be 34/(-68)*(-4 - 2). Calculate the greatest common divisor of 18 and g.
3
Suppose 78*k + 234 = 80*k. Calculate the greatest common divisor of k and 13.
13
Suppose 5*d + 17 = 132. Calculate the greatest common factor of 299 and d.
23
Let l be (48/30)/(3/165). Let y be 1354/18 + 2/(-9). Suppose 48 = 3*q - 3*u, 5*q + 0*u = 4*u + y. Calculate the highest common factor of q and l.
11
Let u(v) = 5*v**3 + 6*v**2 - 3*v - 15. Let r(h) = -h**3 + h**2 - h. Let q(d) = 4*r(d) + u(d). Let c be q(-10). What is the highest common divisor of c and 5?
5
Let m be 1/(-4) + 2709/36. Let f be (-5)/20 - (-847)/28. Calculate the greatest common divisor of m and f.
15
Suppose -1984 = -425*g + 421*g. Calculate the highest common factor of g and 16.
16
Let o(b) = 21*b - 2. Suppose 0 = -3*k + 9, u - 3*u = 4*k - 6. Let d be o(u). Let z = -37 - d. What is the greatest common factor of 70 and z?
14
Suppose -5*h + 3*y = 756, -4*h = -y + 434 + 168. Let d = h + 194. Calculate the greatest common factor of d and 110.
22
Suppose -53 = 3*v - 161. Let b = 46 - v. Suppose -27 - 23 = -5*p. What is the greatest common factor of b and p?
10
Suppose 9*x + 20*x = 4002. Calculate the greatest common factor of 92 and x.
46
Let t(k) = 5*k**2 + k. Let g be t(9). What is the highest common factor of 36 and g?
18
Suppose -16*m = -17*m. Suppose m = k + 3*z - 23, -2*z - 13 = -2*k + 17. What is the highest common divisor of k and 68?
17
Suppose 3*w + 85 = -4*m, 32 = -3*w - 5*m - 48. Let f = w - -37. What is the highest common divisor of f and 3?
1
Suppose 6 + 29 = 5*k. Suppose 23*w = 22*w - 4. Let m(u) = 3*u**2 - 2*u. Let p be m(w). What is the greatest common divisor of k and p?
7
Let 